f y and z.
7
Let b(l) = -10*l**2 + 198*l + 90. Let i be b(20). Calculate the highest common factor of 5675 and i.
25
Let p(b) = 25*b + 148. Let k be p(18). Let u = 878 - k. Let v(y) = -13*y + 2. Let d be v(-2). Calculate the highest common factor of u and d.
28
Let s be 16/12 - (44462/(-6))/11. Calculate the greatest common factor of 200 and s.
25
Let i = 289 - -117. Suppose 396*s + 1440 = i*s. Let a = 21 - 12. What is the greatest common divisor of a and s?
9
Let d(i) = -8*i**2 - 4*i + 22. Let z be d(6). Let r = 334 + z. What is the greatest common divisor of r and 16?
4
Suppose -10*j + 175 - 915 = 0. Let s = -34 - j. Let k = 44 - s. Calculate the highest common factor of 4 and k.
4
Let k(h) = 7*h**2 - h + 1. Let x be k(2). Suppose -1225 = 7*b - 12*b. Let u = b + -56. Calculate the greatest common divisor of x and u.
27
Let w(l) = -3620*l + 322. Let s be w(-7). What is the greatest common factor of 13 and s?
13
Let p = -1028 + 1110. Calculate the greatest common divisor of 5084 and p.
82
Let f(x) = x**2 + 5*x - 18. Let y be f(-8). Suppose -2*q - 117 = q. Let g = q + 105. Calculate the highest common divisor of y and g.
6
Let k(d) = d**3 + 7*d**2 - 25*d - 165. Let z be k(-6). Calculate the highest common divisor of 1428 and z.
21
Suppose 7*o - 5*o - 64 = 0. Let x(r) = 16*r**2 - 77*r - 154. Let q be x(-2). What is the greatest common divisor of q and o?
32
Let q = 3407 - 3326. Calculate the highest common factor of 4887 and q.
27
Let n(d) = -125*d - 5. Let a be n(-2). Let y be ((-3920)/(-100))/(0 + 2/5). Suppose 7*q - 6*q = y. What is the greatest common divisor of a and q?
49
Suppose -286*d = -265*d - 37128. What is the greatest common divisor of d and 272?
136
Suppose -47 = -3*u - 20. Suppose -220 = -u*s - 22. Calculate the highest common factor of s and 242.
22
Suppose 0 = -11*q - 21*q + 1728. Let g(s) = 3*s**3 - 3*s**2 - 2*s + 1. Let z be g(-2). Let n = z + q. What is the highest common divisor of n and 184?
23
Let c be 119 + 12/54*-9. What is the greatest common divisor of c and 1937?
13
Let g = 24146 + -24145. Suppose -4*c + 5*v + 15 = 0, v + 3 = -0*v. Suppose c = s + 5, -28 = -0*p - 3*p - s. What is the highest common divisor of g and p?
1
Let n(o) = 11*o**2 + 3*o - 93. Let t be n(15). Suppose 3*f + t = 2*p, -5*f = -3*f + 2. What is the highest common divisor of p and 12?
12
Let m be 228*54/(-12)*4/(-36). Suppose 0 = 5*x + 5, z + 0*x - x - 799 = 0. Calculate the greatest common factor of z and m.
114
Let z = 53 - 26. Let n = z + 50. Let m = 8759 + -8748. Calculate the highest common factor of m and n.
11
Suppose -7372 + 1522 = -25*l. What is the highest common factor of 1469 and l?
13
Suppose 0 = -256*a + 160178 + 763982. Calculate the greatest common factor of a and 950.
190
Suppose 2*t = -4*a - 0*t + 22, 2*a - t - 13 = 0. Let s be 8/14 - 32/(-224)*52. What is the greatest common divisor of s and a?
2
Suppose -92386 = 31*w - 102375 - 236678. Calculate the highest common factor of 545 and w.
109
Suppose -45*l - 481 = -8*l. Let b(u) = -24*u - 40. Let o be b(l). What is the highest common divisor of 16 and o?
16
Suppose 11*a - 10269 = -10*a. Let c = -481 + a. What is the highest common divisor of c and 32?
8
Suppose 8*v + 11244 - 16805 = 21887. What is the highest common factor of 423 and v?
47
Suppose -2618*k + 2697*k = 52377. Calculate the greatest common divisor of 357 and k.
51
Let i(f) = 1945*f**2 - 64*f + 39. Let k be i(-4). What is the highest common divisor of 610 and k?
305
Let x be (-9)/(-27) - (-1)/(-3). Suppose -136 = -2*m - x*m. Let l(h) = h**2 - 3*h - 68. Let w be l(17). What is the highest common factor of w and m?
34
Suppose -5*a + 5 = -x - 0, -3*a + 3*x + 3 = 0. Let r = 17 - 14. Suppose 6*o - o - 20 = 3*b, o - r*b - 16 = 0. What is the highest common divisor of a and o?
1
Let j(k) = 374*k - 12263. Let s be j(33). Let b = -885 + 1596. What is the greatest common divisor of b and s?
79
Let k = -82 - -91. Let w be (-5*(-36)/60)/((-2)/(-66)). What is the highest common divisor of w and k?
9
Suppose 63*i - 68*i + 11335 = a, -a + 5 = 0. What is the highest common factor of 22 and i?
22
Suppose -2*u - y = -7, -y + 9 = 4*u + 2*y. Let b = -1 + u. Let k(m) = 2*m**3 - 7*m**2 + 9. Let s be k(b). What is the greatest common divisor of s and 7?
7
Let y = 31943 + -31877. Let p be (-1236)/(-14) + 4/(-14). What is the highest common factor of p and y?
22
Let c be 3648 - 34 - (-13 + 3). What is the greatest common factor of c and 12?
12
Suppose 0 = 4*r - 4*b - 152, 5*r + 3*b = -b + 190. Suppose 35*p - r*p = -378. What is the greatest common divisor of 14 and p?
14
Suppose 37*n = 38*n + 21. Let d = n + 173. Calculate the highest common factor of 19 and d.
19
Let j be 3*3*(-10)/(-18). Suppose 112 = j*k - k. Let s be (-5 + 38/4)*28/3. What is the highest common factor of s and k?
14
Suppose -39*b + 25*b = -28. Suppose 0 = 3*p, -b*s + 22 = 5*p - 6*p. Calculate the highest common divisor of s and 253.
11
Suppose -78*h - 23*h = h - 388722. Calculate the highest common divisor of 111 and h.
37
Let h(r) = 50*r - 200. Let x be h(4). Suppose 11*l + 26*l - 2331 = x. Calculate the highest common factor of l and 819.
63
Let c be (-18)/27 + 286/6. Suppose -237 + c = -5*h. Let o = -570 + 627. What is the highest common factor of h and o?
19
Let w be (1 + 6)*(-1)/(-1). Let i be (30/25)/(4/360) + -4. Let c = -97 + i. Calculate the greatest common factor of c and w.
7
Suppose -4*m - 52 + 36 = 0, 3*v + 5*m - 3190 = 0. Calculate the greatest common factor of v and 50.
10
Let o be 102/((-1694)/(-814) - 2). What is the highest common divisor of 1037 and o?
17
Let r be (7*-10)/((-14)/21). Let u(f) = 2*f - 33. Let t be u(18). Suppose 0 = 4*l - 20, 0*l + t*l - r = -3*w. What is the highest common divisor of 10 and w?
10
Suppose 0 = -5*h + 6493 - 6478. What is the greatest common factor of 129 and h?
3
Suppose b - 4*n - 6117 = -2*n, 0 = 5*b + 8*n - 30531. What is the greatest common divisor of 63 and b?
63
Let u(r) = 978*r - 109113. Let l be u(112). Let f = -112 - -159. What is the greatest common divisor of l and f?
47
Let g be (-1 - -3) + (10 - -4). Suppose 7*d - 2 = -g. Let l(j) = -3*j**3 + j**2 + 4*j + 5. Let q be l(d). What is the highest common divisor of q and 75?
25
Let j be ((-6)/21 - (-6144)/(-840))/(2/(-5)). What is the greatest common factor of 18829 and j?
19
Let y(z) = -z**3 - 5*z**2 - 6*z - 14. Let q = -166 + 161. Let v be y(q). What is the highest common factor of v and 208?
16
Suppose 2*f - 3*f + 8 = 0. Let u(m) = -4*m**3 - 4*m**2 - 3*m. Let z be u(3). Let t = z - -157. What is the highest common factor of f and t?
4
Let y(n) = -n**2 - 9*n + 777. Let b be y(0). Let h = b - 483. What is the greatest common divisor of 42 and h?
42
Suppose -u + 4*m + 45 = 0, 0 = -2*u + 5*m + 70 + 8. Suppose 0 = x - 20 - u. Suppose 28 = -0*r + 4*r. What is the greatest common divisor of r and x?
7
Suppose r + r + 3 = 3*m, 3*r - m + 1 = 0. Suppose p - 533 = -2*h, h + p - 76 - 192 = r. Let a = h + 5. Calculate the greatest common factor of a and 30.
30
Let c be ((-72)/15)/((-2)/(-520)*-12). What is the greatest common factor of c and 1820?
52
Let b(t) = t**2 + 195*t + 2055. Let g be b(-11). What is the greatest common divisor of 2201 and g?
31
Let c(p) = p**2 - 4*p + 1. Let n be c(4). Let g = -479 - -503. Suppose 3*o + 3*j - g = -0*o, 5*j = 5. What is the greatest common factor of n and o?
1
Suppose -39*t + 6306 = -1065. What is the greatest common factor of t and 135?
27
Let n(t) = -t**3 + 18*t**2 + 3*t - 37. Let v = 86 - 68. Let h be n(v). Suppose 0*j + j + c = h, 2*j - 2*c = 18. What is the highest common divisor of j and 104?
13
Let k = 10678 + -10349. What is the highest common divisor of 235 and k?
47
Suppose -45 = 4*s - 53. Suppose 227 = 5*q - 3*c + 54, -s*q = -c - 69. Let p = q + 47. Calculate the greatest common divisor of 27 and p.
27
Suppose f + 1921 = 2*z + 2043, -2*f + 241 = -5*z. Let v = 123 - 83. What is the highest common factor of f and v?
8
Suppose -5*s - 42 = 3*x, 18 = 3*x - 4*x - 3*s. Suppose 18*j = 341 + 415. Let k = j + x. What is the highest common divisor of 3 and k?
3
Suppose -262 = -3*x + 2*v, -v + 415 = x + 4*x. Suppose 0 = -4*r + 3*r + o + 15, -4*o + x = 5*r. Let a = 25 + -9. What is the greatest common factor of a and r?
16
Suppose 6*v + 